71*u - 2364. Determine z(34).
-18
Let h(p) = -2*p**3 - 17*p**2 - 25*p - 140. Calculate h(-8).
-4
Let z(c) = -43*c + 99. What is z(4)?
-73
Let o(v) = -10*v**2 + 355*v - 179. What is o(35)?
-4
Let q(o) = -1113*o - 8237. Determine q(-7).
-446
Let l(s) = 305*s - 2105. What is l(7)?
30
Let p(n) = -2*n**2 + 289*n + 174. Give p(145).
29
Let r(h) = h**3 - 8*h**2 - 41*h - 21. Give r(-3).
3
Let i(l) = -l**2 - 26*l - 139. Determine i(-9).
14
Let y(h) = -3*h**3 - 9*h**2 - 46*h - 192. Determine y(-4).
40
Let b(k) = -169*k - 997. What is b(-6)?
17
Let y(s) = -753*s**2 - 26*s + 29. Calculate y(1).
-750
Let r(i) = -87*i - 2525. Give r(-29).
-2
Let n(w) = -w**2 - 43*w - 239. What is n(-7)?
13
Let n(o) = o**2 + 1972*o + 9846. What is n(-5)?
11
Let p(n) = -16*n + 56. What is p(1)?
40
Let d(z) = -9*z**2 - 131*z + 1130. Calculate d(8).
-494
Let t(q) = 2*q**3 - 5*q**2 - 5*q + 102. Give t(6).
324
Let l(b) = 19*b**2 - 20*b + 4. Give l(5).
379
Let q(d) = -974*d + 3886. Determine q(4).
-10
Let c(m) = 604*m + 6648. Determine c(-11).
4
Let g(c) = -3212*c - 22513. Calculate g(-7).
-29
Let j(n) = -2*n - 123. Determine j(-44).
-35
Let f(q) = q**3 + 36*q**2 + 8*q + 208. Calculate f(-36).
-80
Let s(m) = 7*m**2 - 11*m + 84. Determine s(7).
350
Let i(t) = -t**3 - 3*t**2 + 44*t + 155. What is i(-5)?
-15
Let q(a) = a**3 + a**2 - 19*a - 29. What is q(4)?
-25
Let h(b) = -91*b**2 + 3*b - 4. Determine h(1).
-92
Let n(y) = 2*y**3 - 27*y**2 - 15*y + 28. Determine n(14).
14
Let r(f) = -f**2 - 26*f - 106. Calculate r(-21).
-1
Let h(f) = f**3 - 34*f**2 - 451*f + 479. Determine h(44).
-5
Let r(w) = -w**3 - 69*w**2 + 135*w - 505. What is r(-71)?
-8
Let g(f) = -2*f**3 + 6*f**2 + 12*f - 34. Give g(6).
-178
Let r(t) = t**2 + 28*t - 1343. What is r(25)?
-18
Let o(x) = 52*x - 91. Give o(5).
169
Let z(c) = -1112*c - 13315. Determine z(-12).
29
Let b(o) = o**3 - 54*o**2 - 22*o + 1257. Determine b(54).
69
Let b(r) = 4*r**3 - 2*r**2 + r + 15. Calculate b(-2).
-27
Let c(l) = 31*l + 106. Determine c(-3).
13
Let s(h) = -h**3 - 14*h**2 - 5*h - 110. What is s(-14)?
-40
Let y(z) = -5*z**2 - 109*z + 5. Determine y(5).
-665
Let k(v) = -v**3 + 7*v**2 + 67*v + 45. What is k(-5)?
10
Let z(w) = w**3 - 34*w**2 + 66*w - 32. Calculate z(32).
32
Let h(v) = 3145*v**2 + 50320*v - 2. Calculate h(-16).
-2
Let h(l) = -l**3 + 32*l**2 + 36*l + 61. Give h(33).
160
Let j(i) = 12*i**2 + 312*i + 314. Give j(-1).
14
Let g(u) = 49*u - 35. Determine g(5).
210
Let j(t) = -19*t**3 - 19*t**2 - 86*t - 84. What is j(-1)?
2
Let s(f) = -f**3 + f**2 + 3*f + 59. Calculate s(4).
23
Let a(c) = c**2 + 16*c + 29. Calculate a(-2).
1
Let b(q) = q**2 - 5*q - 130. Give b(-10).
20
Let x(i) = 2*i**3 + 11*i**2 - 22*i - 89. Determine x(-9).
-458
Let u(o) = -606*o + 6065. Determine u(10).
5
Let c(p) = 4106*p + 61591. Calculate c(-15).
1
Let h(o) = o**3 + 13*o**2 + 39*o + 17. What is h(-9)?
-10
Let c(s) = -s**3 + 17*s**2 + 3*s - 4. Give c(0).
-4
Let l(v) = -433*v**2 - 2*v + 2. Give l(1).
-433
Let j(q) = 3*q**3 - 10*q**2 - 40*q - 18. Determine j(-3).
-69
Let c(k) = k**2 - 197*k + 8705. Determine c(130).
-5
Let p(x) = -11*x - 836. What is p(-66)?
-110
Let s(i) = 10*i**2 - 43*i + 249. Determine s(5).
284
Let k(d) = 67*d - 32. Determine k(5).
303
Let i(w) = 57*w - 239. What is i(11)?
388
Let s(o) = -146*o**3 - 12*o + 11. Give s(1).
-147
Let r(s) = 33*s**2 - 571*s - 36. Determine r(16).
-724
Let h(f) = -2*f**2 + 45*f - 28. Calculate h(22).
-6
Let v(y) = y**2 - 287*y + 8834. Give v(35).
14
Let j(r) = 19*r**2 - 910*r - 71. Calculate j(48).
25
Let p(n) = n**2 + 90*n + 631. What is p(-85)?
206
Let l(g) = 3*g + 95. Calculate l(-5).
80
Let f(t) = t**3 + 64*t**2 + 215*t - 1521. What is f(-60)?
-21
Let t(p) = -34*p**2 + 10271*p - 909. Calculate t(302).
-3
Let r(g) = 2*g**3 + 3*g**2 - 16*g + 110. Determine r(-5).
15
Let q(k) = -2095*k + 14662. Determine q(7).
-3
Let g(i) = -269*i + 3758. Calculate g(14).
-8
Let k(d) = -d**3 - 16*d**2 - 47*d + 131. Calculate k(-8).
-5
Let o(p) = p**3 + 32*p**2 + 35*p + 29. Give o(-31).
-95
Let c(v) = 59*v + 616. Determine c(-15).
-269
Let z(p) = -p**3 + 46*p**2 + 33*p + 92. Give z(47).
-566
Let d(i) = -176*i - 21997. Give d(-125).
3
Let m(f) = 31*f + 299. Give m(-10).
-11
Let c(x) = 2*x**3 + 15*x**2 - 7*x - 52. Calculate c(-7).
46
Let a(p) = -1788*p + 9053. Give a(5).
113
Let f(c) = -1995*c + 53859. Calculate f(27).
-6
Let c(q) = -q**2 + 22*q + 908. Determine c(-21).
5
Let g(h) = -24*h**3 - 143*h**2 + 6*h - 13. What is g(-6)?
-13
Let b(a) = a**3 - 7*a**2 + 13*a + 22. What is b(5)?
37
Let f(a) = -289*a + 2041. Calculate f(7).
18
Let q(x) = 2*x**2 + 25*x - 21. Calculate q(-13).
-8
Let a(h) = 74*h - 1180. What is a(16)?
4
Let r(y) = 4*y**2 + 181*y - 1336. Calculate r(7).
127
Let v(i) = -i**3 + 88*i**2 - 168*i - 209. Determine v(86).
135
Let f(k) = -5*k**3 - 94*k**2 + 19*k - 8. Determine f(-19).
-8
Let l(c) = -9*c**2 - 10*c + 135. Calculate l(7).
-376
Let i(d) = d**3 + 6*d**2 - 2706*d - 16267. What is i(-6)?
-31
Let a(y) = -58*y - 4631. Determine a(-78).
-107
Let c(i) = 12*i**3 + 263*i**2 - 20*i + 62. Calculate c(-22).
18
Let o(h) = 11*h**3 + 3*h**2 - 1068*h + 1067. Calculate o(1).
13
Let i(y) = -y**3 + 3*y**2 + 153*y + 8. Determine i(14).
-6
Let n(d) = -30*d - 6. Give n(-7).
204
Let u(q) = 186*q - 4143. Determine u(24).
321
Let n(a) = a**3 - 21*a**2 - 117*a + 3140. Give n(17).
-5
Let i(w) = -45*w + 940. Give i(21).
-5
Let b(p) = p**2 - 36*p + 376. Determine b(32).
248
Let c(z) = -z**3 + 30*z**2 + 2*z - 89. Determine c(30).
-29
Let f(s) = s**3 + 26*s**2 + 46*s + 35. Calculate f(-24).
83
Let o(l) = -13482*l - 107849. Calculate o(-8).
7
Let q(m) = m + 17. What is q(10)?
27
Let h(i) = -102*i + 14905. Calculate h(147).
-89
Let r(b) = 311*b + 2484. Give r(-8).
-4
Let s(w) = w**2 - 110*w - 2451. What is s(-19)?
0
Let r(u) = -u**3 - 31*u**2 + 59*u - 236. Determine r(-33).
-5
Let t(w) = -w**3 - 130*w**2 + 45*w + 5855. What is t(-130)?
5
Let i(q) = 89*q + 27. Determine i(0).
27
Let i(k) = k**3 - 22*k**2 + 85*k - 165. Determine i(17).
-165
Let m(t) = 57*t**2 + 4*t - 8. Determine m(1).
53
Let p(i) = i**2 + 1. What is p(-5)?
26
Let s(z) = -z**2 + 513*z + 8465. Determine s(-16).
1
Let b(l) = -3*l**2 - 22*l + 166. Calculate b(7).
-135
Let c(m) = -m**2 - 58*m - 559. What is c(-12)?
-7
Let l(f) = f**3 + 89*f**2 + 255*f - 220. Calculate l(-86).
38
Let n(r) = r**3 + 39*r**2 + 7*r + 111. What is n(-39)?
-162
Let g(m) = -783*m - 6172. Determine g(-8).
92
Let u(l) = -217*l + 33. Determine u(-1).
250
Let i(z) = 7*z - 251. Calculate i(31).
-34
Let i(a) = -4*a**2 - 43*a - 16. Give i(-15).
-271
Let z(j) = -2*j**3 - 21*j**2 + 57*j - 24. Give z(-13).
80
Let f(t) = 2*t**2 + 48*t - 110. Calculate f(2).
-6
Let z(m) = 3*m**2 + 97*m + 491. What is z(-26)?
-3
Let l(g) = g**2 - 4*g - 10. Determine l(6).
2
Let l(p) = -p**3 - 45*p**2 + 113*p - 36. What is l(-47)?
-929
Let q(k) = k**3 + 3*k**2 + 6*k + 19. Calculate q(-3).
1
Let f(r) = 2749*r - 2748. Calculate f(1).
1
Let d(t) = -2*t**3 - 205*t**2 + 98*t - 513. Calculate d(-103).
2
Let l(k) = 6*k**2 + 45*k + 131. Determine l(-3).
50
Let c(i) = -5*i**3 - 56*i**2 - 5*i - 11. Determine c(-11).
-77
Let y(p) = -47*p + 1032. Give y(24).
-96
Let u(a) = -5*a**3 + 131*a**2 - 28*a + 42. Give u(26).
-10
Let m(v) = -v**2 + 335*v - 16867. What is m(62)?
59
Let a(c) = -4*c**2 - 27*c - 36. What is a(-3)?
9
Let o(p) = -19*p - 148. Determine o(-13).
99
Let v(u) = -75*u + 626. Calculate v(8).
26
Let j(v) = -172*v + 5672. What is j(33)?
-4
Let o(l) = 32*l**2 - 8*l + 14. Determine o(0).
14
Let d(g) = -15*g + 282. Determine d(41).
-333
Let r(a) = -859*a - 2579. Calculate r(-3).
-2
Let b(h) = 20*h - 66. Determine b(-6).
-186
Let i(g) = 252*g + 5597. Calculate i(-22).
53
Let x(t) = -8*t**3 + 2*t**2 + 7*t + 5. What is x(-2)?
63
Let h(f) = -f**2 + 288*f + 4876. Calculate h(-16).
12
Let y(v) = -v**3 + 12*v**2 + 8*v + 181. What is y(13)?
116
Let z(f) = -10*f - 805. Determine z(-79).
-15
Let o(t) = 21058*t + 105296. Determine o(-5).
6
Let o(a) = 197*a - 15350. Determine o(78).
16
Let u(f) = 5*f**2 + 191*f - 60. Give u(-40).
300
Let z(p) = -3*p - 245. Give z(8).
-269
Let p(t) = -206*t + 2286. Determine p(11).
20
Let t(n) = -2*n**3 - 48*n**2 + 27*n + 670. Calculate t(-24).
22
Let j(z) = -49*z + 531. Determine j(22).
-547
Let q(i) = 35*i - 49. Calcu